2, 103
Let u(t) = -t**3 - 6*t**2 + 12*t - 17. What are the prime factors of u(-9)?
2, 59
Suppose 0 = 3*g - 22 - 26. Suppose -w = w - g. List the prime factors of w.
2
Suppose 4*h = 5*h. Suppose -d - 10 = -2*w, -4*w + h*d + 22 = -3*d. List the prime factors of w.
2
Let m(d) = d**2 + 5*d + 6. Let g be m(-4). Let q be ((-6)/3)/(4/(-14)). Suppose -3*u - 2 = -g*i, -5*u - 3*i + 15 + q = 0. List the prime factors of u.
2
Let y be 43/(-5) - (-2)/(-5). Let d be (-1)/3 - (-141)/y. Let g = -3 - d. What are the prime factors of g?
13
Let g = 27 - -16. List the prime factors of g.
43
Suppose -5*z - 82 = -4*m, 0 = -3*m - 2*z - 3*z + 44. Let t = -13 + m. List the prime factors of (-2)/t + 111/15.
7
Let f = 3 + 7. Let s be (f/(-8))/(3/12). Let l = 10 + s. List the prime factors of l.
5
Let v(q) = -3*q - 2. Let p be v(-4). What are the prime factors of 0 - (p/(-1) + 2)?
2
Suppose 5*w - 4*x = -180, 3*w - x = 22 - 137. List the prime factors of (-96)/w + (-3)/(-5).
3
Let t = 55 + -40. List the prime factors of t.
3, 5
Suppose 6*c - 15 = 9*c. Let w(o) = o**3 + 7*o**2 + 5*o + 5. List the prime factors of w(c).
2, 3, 5
Let l = -26 - -47. List the prime factors of l.
3, 7
Let f be 6/(-8) + (-279)/12. Let p = 49 + f. Let g = 35 - p. What are the prime factors of g?
2, 5
List the prime factors of 20 + -1 - (1 - 5).
23
Let c(t) = t**2 - 2*t - 1. Let n be c(2). Let p = -2 - n. List the prime factors of (-33)/(-4) + p/4.
2
Let b(n) = n**3 + 16*n**2 - 22*n + 28. List the prime factors of b(-17).
113
Let p(u) = u**3 - 6*u**2 + u + 8. What are the prime factors of p(6)?
2, 7
Let a be (0 - 0 - -3)*2. Let y = a - 2. Suppose 0 = y*p + 4*c - 68, 0 = -0*p - 3*p - 5*c + 61. List the prime factors of p.
2, 3
List the prime factors of 14/14 + -1 + 88.
2, 11
Let m(b) = -3*b**2 + b + 5. Let h(u) = -u**2 + 1. Let p(z) = -4*h(z) + m(z). Let t be p(-2). Suppose -2*s + 35 = t*s. What are the prime factors of s?
7
Let y(k) = k**2 - 13*k + 15. Let a be y(12). Suppose -a*f = -5*p + 11, -p + 14 = 4*p - 2*f. List the prime factors of p.
2
Suppose 5*y = 4*y + 9. Suppose 4*o + 4 + 16 = 0. Let v = y + o. What are the prime factors of v?
2
Let u(c) = -c + 3. Let q be u(0). Suppose -4*x + 0*p = -2*p + 4, 2*p = q*x + 2. Let i(h) = 5*h**2 + h - 2. What are the prime factors of i(x)?
2
Let i(k) = -4*k + 8. List the prime factors of i(-6).
2
Let p(k) = 7*k + 17. List the prime factors of p(4).
3, 5
Suppose 3*a = -3*k + 68 + 91, 0 = -3*a. List the prime factors of k.
53
Suppose -2*k = k + 5*h + 20, k + 4 = -h. Suppose k = -n + 3, 3*n = 3*u + 5 - 2. What are the prime factors of u?
2
Suppose 9 + 20 = -p. Let x be 82/(-4)*1*2. Let h = p - x. List the prime factors of h.
2, 3
Suppose -26*q + 24*q = -240. List the prime factors of q.
2, 3, 5
Let y = 13 + -13. Let w(n) = n + 47. What are the prime factors of w(y)?
47
Let a = 182 - 129. What are the prime factors of a?
53
Let s = 2 + 2. Suppose 5*n - w - 16 = 0, 3*w + s = -w. Suppose 3*x - x + 10 = 0, 0 = -n*k - 4*x + 10. What are the prime factors of k?
2, 5
Let f = 318 - 40. List the prime factors of f.
2, 139
Let t = 11 + -6. Let c be (26/(-6))/(t/240). What are the prime factors of c/(-36) + 4/18?
2, 3
Suppose -5*y + 61 = 16. What are the prime factors of y?
3
Let g(n) = 24*n**3 - 2*n**2 + n. Let l be g(1). Suppose 0*a + l = a. What are the prime factors of a?
23
Suppose 0 = -0*b - 4*b + 12. Suppose b*q - 2 = 4. What are the prime factors of q?
2
Let d(b) = 15*b**2 - 3*b - 3. List the prime factors of d(-1).
3, 5
Suppose 2*r = -3*o + 30 + 23, 0 = -5*o - 5*r + 85. Let n = 31 - o. List the prime factors of n.
2, 3
Let v be (-2)/5 + 261/15. Suppose v = 2*o - 25. List the prime factors of o.
3, 7
Let f = -78 - -91. List the prime factors of f.
13
Let b be 8/36 - (-156)/27. Let m be (b/4)/((-6)/(-12)). What are the prime factors of (0 - (-16)/6)*m?
2
Suppose 5*n + 4*c - 180 = 0, -c + 4*c = -3*n + 108. What are the prime factors of n?
2, 3
Suppose -14*m = -15*m + 123. What are the prime factors of m?
3, 41
Let k(u) = -40*u**3 + u + 1. Let f be k(-1). Suppose 5*l - p - f = 0, 8 = l + 3*p - 0. Suppose -5*n + 32 + l = 0. List the prime factors of n.
2
Let f = -6 + 6. Let i = f + 4. List the prime factors of i.
2
Let c be 4/10 - (-13)/5. Suppose c*a - 18 = -3*v - 0*v, a - 20 = -3*v. What are the prime factors of v?
7
Let u = 18 + -16. What are the prime factors of u?
2
Let d be (3/6)/((-2)/(-8)). Suppose 6*b - 164 = d*b. List the prime factors of b.
41
Let z(t) = -5*t + 17. What are the prime factors of z(-8)?
3, 19
Let a(v) = 4*v**2 + v - 5*v + 3*v. Let m be a(-2). Let z = m - 11. List the prime factors of z.
7
Let m = 1 + -2. Let c be (1 + 0)/(m + 2). Let h = 4 + c. What are the prime factors of h?
5
Suppose 3*j + 5*m - 21 - 40 = 0, -j = m - 23. Suppose -2*c + j = c. What are the prime factors of c?
3
Suppose -2*i - 4*x + 6*x - 28 = 0, -3*x + 26 = -2*i. Let h = 4 - i. Suppose -2*f + h - 6 = 0. What are the prime factors of f?
7
What are the prime factors of (-1248)/(-5) - 4/60*-6?
2, 5
Let d(q) = -10*q + 1. Suppose 19 = -5*i + 4*j - 7, j = 3*i + 10. What are the prime factors of d(i)?
3, 7
Suppose 2*l + i - 2*i = 135, -3*l = -4*i - 205. What are the prime factors of l?
67
Let r(a) = a**3 - 19*a**2 - 11*a - 25. What are the prime factors of r(20)?
5, 31
Let f be 6*(3/2 + -1). Suppose -5*g = f*s - 51, 92 = 4*g - 5*s + 29. List the prime factors of g.
2, 3
Suppose -4*p - 9 = 4*o - 33, -4 = -4*p. Suppose 0 = -o*q - 4 + 79. What are the prime factors of q?
3, 5
Suppose 6*j - 2*j = -8. Let g = j - -4. List the prime factors of g.
2
Let a = 87 - -33. List the prime factors of a.
2, 3, 5
Let x be ((-1)/2)/(7/(-42)). Suppose 19 = -x*r + 97. What are the prime factors of r?
2, 13
Suppose -a = -5*a + 4. Let g = 2 + a. List the prime factors of g.
3
Suppose -5*p = 4*r - 952, 0 = 4*r + 2*p - 3*p - 976. List the prime factors of r.
3
Let s = 49 + -29. List the prime factors of s.
2, 5
Let c(a) be the second derivative of a**4/12 + 2*a**3/3 - a**2/2 - 2*a. Let q be c(-4). List the prime factors of (39/(-3) - -2)/q.
11
Suppose 0 = 2*t - 473 + 71. Suppose 0 = 3*x - 6*x + t. Suppose -5*i + x = -28. List the prime factors of i.
19
Suppose -5*u - 12 = -52. Let g = u - 5. Suppose -g*d + 2*d + 7 = 0. List the prime factors of d.
7
Suppose -4*m + 21 = -m. Let d = 10 - m. Suppose -2*z + 75 = d*z. What are the prime factors of z?
3, 5
Let b be (-39)/(-33) - (-6)/(-33). Let h = 3 - b. What are the prime factors of h + -1*4 + 10?
2
Let u be 0/(-9)*1/(-3). Suppose -2*g - 3*g + 275 = u. List the prime factors of g.
5, 11
Let v(p) = -p**3 + 7*p**2 - p + 10. Let b be v(7). Suppose 3*d - 26 = 2*m, 2*d - b = -m - 2. Let i = -1 - m. What are the prime factors of i?
2, 3
Let g be (3/(-4))/(15/(-40)). Suppose 6 = -c + 2*x, -g*x + 12 = x. What are the prime factors of c?
2
Let h be 1 + 2 + 2/2. Let c(a) = -9 - 4*a + 2 + h*a - 3*a. List the prime factors of c(-5).
2
Let z = -562 + 792. What are the prime factors of z?
2, 5, 23
Let z = 0 + 3. Let q be (-2 + (4 - 1))*z. Suppose 2*k + 22 = 4*c, -2*c = -q*c - k + 4. What are the prime factors of c?
5
Let r = -324 - -454. What are the prime factors of r?
2, 5, 13
Let t = -61 - -87. Let p = t + -15. List the prime factors of p.
11
Suppose -210 = -3*t + 123. List the prime factors of t.
3, 37
Let h(p) = -p**3 - 3*p + 4*p**3 - 4*p**3 - 4*p**2 - 1 + 0*p**3. Let a(m) = m - 2. Let b be a(-2). What are the prime factors of h(b)?
11
Let x(w) = 12*w**3 + w - 1. Let v be x(1). Suppose 6*a - 2*a - v = 0. What are the prime factors of (-16)/(-6) - 2/a?
2
Let r = -6 - -5. Let n = r + -5. List the prime factors of (-3)/(-1)*(-4)/n.
2
Suppose -5*o + 12 = -2*o - 3*h, 3*o - 5*h - 16 = 0. List the prime factors of ((-60)/75)/(o/(-50)).
2, 5
Let r(c) = -5*c**2 - 6*c - 5. Let v(a) = 3*a**2 + 3*a + 3. Suppose 3 - 10 = -o. Let i(y) = o*v(y) + 4*r(y). List the prime factors of i(4).
5
Suppose 0 = -s, -3*a - 5*s - 4 = -13. Let i = a + -3. Suppose i = 4*j + 6*u - u - 52, -5*j + 65 = 4*u. What are the prime factors of j?
13
List the prime factors of (10/(-8)*-6)/(1/2).
3, 5
Suppose -3*p + 7 = 1. Suppose m = -0*m + j, p*j - 18 = -4*m. What are the prime factors of m?
3
Let l = 204 - 122. List the prime factors of l.
2, 41
Let n(r) = 2*r**3 - 10*r**2 + 7. What are the prime fa